{"id":1087,"date":"2018-12-15T15:11:32","date_gmt":"2018-12-15T14:11:32","guid":{"rendered":"http:\/\/mgcantu.it\/?page_id=1087"},"modified":"2024-01-09T14:12:34","modified_gmt":"2024-01-09T13:12:34","slug":"i-miei-collaboratori","status":"publish","type":"page","link":"https:\/\/mgcantu.it\/?page_id=1087","title":{"rendered":"MEDICI &#038;  PROFESSIONISTI"},"content":{"rendered":"<p>[et_pb_section fb_built=&#8221;1&#8243; _builder_version=&#8221;3.0.89&#8243; background_image=&#8221;http:\/\/mgcantu.it\/wp-content\/uploads\/2017\/11\/header2-6.png&#8221; background_size=&#8221;initial&#8221; background_position=&#8221;top_left&#8221; border_width_top=&#8221;4px&#8221; border_color_top=&#8221;#0dbde0&#8243; border_width_bottom=&#8221;1px&#8221; border_color_bottom=&#8221;#0dbde0&#8243; custom_padding=&#8221;135px|0px|110px|0px&#8221;][\/et_pb_section][et_pb_section fb_built=&#8221;1&#8243; _builder_version=&#8221;3.0.89&#8243; custom_padding=&#8221;41px|0px|22px|0px&#8221;][et_pb_row custom_padding=&#8221;4px|0px|114px|0px&#8221; _builder_version=&#8221;3.0.89&#8243; background_image=&#8221;http:\/\/mgcantu.it\/wp-content\/uploads\/2020\/05\/ACCANTO-A-ME-ALTRI-MEDICI.png&#8221;][et_pb_column type=&#8221;4_4&#8243; _builder_version=&#8221;3.0.89&#8243; parallax=&#8221;off&#8221; parallax_method=&#8221;on&#8221;][et_pb_text _builder_version=&#8221;3.0.89&#8243; text_font=&#8221;||||||||&#8221; text_letter_spacing=&#8221;1px&#8221; text_line_height=&#8221;1.9em&#8221;][\/et_pb_text][\/et_pb_column][\/et_pb_row][\/et_pb_section][et_pb_section fb_built=&#8221;1&#8243; _builder_version=&#8221;3.0.89&#8243; custom_padding=&#8221;5px|0px|0px|0px&#8221;][\/et_pb_section][et_pb_section fb_built=&#8221;1&#8243; _builder_version=&#8221;3.0.89&#8243; custom_padding=&#8221;5px|0px|0px|0px&#8221;][et_pb_row custom_padding=&#8221;4px|0px|0px|0px&#8221; _builder_version=&#8221;3.0.89&#8243;][et_pb_column type=&#8221;1_4&#8243; _builder_version=&#8221;3.0.89&#8243; parallax=&#8221;off&#8221; parallax_method=&#8221;on&#8221;][et_pb_text _builder_version=&#8221;3.0.89&#8243; text_font=&#8221;||||||||&#8221; text_letter_spacing=&#8221;1px&#8221; text_line_height=&#8221;1.9em&#8221; custom_margin=&#8221;-2|||&#8221; inline_fonts=&#8221;PT Sans Narrow&#8221;]<\/p>\n<h4 style=\"text-align: center;\"><span style=\"color: #3f3f3f;\"><strong><span style=\"font-family: 'PT Sans Narrow';\"><br \/><\/span><span style=\"font-family: 'PT Sans Narrow';\"><\/span><\/strong><\/span><span style=\"color: #3f3f3f;\"><strong><span style=\"font-family: 'PT Sans Narrow';\"><\/span><\/strong><\/span><\/h4>\n<h4 style=\"text-align: center;\"><\/h4>\n<p><span style=\"color: rgba(102, 102, 102, 0.6);\"><strong><span style=\"font-family: 'PT Sans Narrow';\"><\/span><\/strong><\/span><\/p>\n<p>[\/et_pb_text][\/et_pb_column][et_pb_column type=&#8221;1_4&#8243; _builder_version=&#8221;3.0.89&#8243; parallax=&#8221;off&#8221; parallax_method=&#8221;on&#8221;][\/et_pb_column][et_pb_column type=&#8221;1_4&#8243; _builder_version=&#8221;3.0.89&#8243; parallax=&#8221;off&#8221; parallax_method=&#8221;on&#8221;][\/et_pb_column][et_pb_column type=&#8221;1_4&#8243; _builder_version=&#8221;3.0.89&#8243; parallax=&#8221;off&#8221; parallax_method=&#8221;on&#8221;][\/et_pb_column][\/et_pb_row][\/et_pb_section][et_pb_section fb_built=&#8221;1&#8243; _builder_version=&#8221;3.0.89&#8243; custom_padding=&#8221;15px|0px|0px|0px&#8221;][et_pb_row custom_padding=&#8221;4px|0px|0px|0px&#8221; _builder_version=&#8221;3.0.89&#8243;][et_pb_column type=&#8221;1_4&#8243; _builder_version=&#8221;3.0.89&#8243; parallax=&#8221;off&#8221; parallax_method=&#8221;on&#8221;][et_pb_text _builder_version=&#8221;3.0.89&#8243; text_font=&#8221;||||||||&#8221; text_letter_spacing=&#8221;1px&#8221; text_line_height=&#8221;1.9em&#8221; custom_margin=&#8221;-2|||&#8221; inline_fonts=&#8221;PT Sans Narrow&#8221;]<\/p>\n<h4 style=\"text-align: center;\"><span style=\"color: #3f3f3f;\"><strong><span style=\"font-family: 'PT Sans Narrow';\"><img loading=\"lazy\" src=\"http:\/\/mgcantu.it\/wp-content\/uploads\/2020\/05\/Bommartini-1-160x160.png\" width=\"190\" height=\"190\" alt=\"\" class=\"wp-image-2214 aligncenter size-thumbnail\" srcset=\"https:\/\/mgcantu.it\/wp-content\/uploads\/2020\/05\/Bommartini-1-160x160.png 160w, https:\/\/mgcantu.it\/wp-content\/uploads\/2020\/05\/Bommartini-1.png 200w\" sizes=\"(max-width: 190px) 100vw, 190px\" \/><\/span><span style=\"font-family: 'PT Sans Narrow';\"><\/span><\/strong><\/span><span style=\"color: #3f3f3f;\"><strong><span style=\"font-family: 'PT Sans Narrow';\"><\/span><\/strong><\/span><\/h4>\n<h4 style=\"text-align: center;\"><span style=\"font-weight: normal; font-family: 'PT Sans Narrow';\"><span style=\"color: #000000;\"><strong>\u00a0 \u00a0 \u00a0\u00a0<\/strong><\/span><\/span><span style=\"font-weight: normal; font-family: 'PT Sans Narrow';\"><span style=\"color: #000000;\"><strong>Gabriele\u00a0Bommartini<\/strong><\/span><strong style=\"color: #3f3f3f; font-size: 17px;\">\u00a0 \u00a0 \u00a0 <span style=\"color: rgba(102, 102, 102, 0.46);\">\u00a0<span style=\"color: rgba(112, 112, 112, 0.75);\">Psicologo e Psicoterapeuta<\/span><\/span><\/strong><\/span><\/h4>\n<p><span style=\"color: rgba(102, 102, 102, 0.6);\"><strong><span style=\"font-family: 'PT Sans Narrow';\"><\/span><\/strong><\/span><\/p>\n<p>[\/et_pb_text][\/et_pb_column][et_pb_column type=&#8221;1_4&#8243; _builder_version=&#8221;3.0.89&#8243; parallax=&#8221;off&#8221; parallax_method=&#8221;on&#8221;][\/et_pb_column][et_pb_column type=&#8221;1_4&#8243; _builder_version=&#8221;3.0.89&#8243; parallax=&#8221;off&#8221; parallax_method=&#8221;on&#8221;][et_pb_text _builder_version=&#8221;3.0.89&#8243; inline_fonts=&#8221;PT Sans Narrow&#8221;]<\/p>\n<h4 style=\"text-align: center;\"><img loading=\"lazy\" src=\"http:\/\/mgcantu.it\/wp-content\/uploads\/2020\/05\/DiBenedetto-1-160x160.png\" width=\"189\" height=\"189\" alt=\"\" class=\"wp-image-2213 aligncenter size-thumbnail\" srcset=\"https:\/\/mgcantu.it\/wp-content\/uploads\/2020\/05\/DiBenedetto-1-160x160.png 160w, https:\/\/mgcantu.it\/wp-content\/uploads\/2020\/05\/DiBenedetto-1.png 200w\" sizes=\"(max-width: 189px) 100vw, 189px\" \/><\/h4>\n<h4 style=\"text-align: center;\"><span style=\"font-family: 'PT Sans Narrow'; font-weight: normal;\"><strong>\u00a0 \u00a0 \u00a0 \u00a0 \u00a0 Giovanna Di Benedetto<\/strong><strong>\u00a0 \u00a0 \u00a0 \u00a0 \u00a0 \u00a0\u00a0<\/strong><\/span><span style=\"color: rgba(112, 112, 112, 0.75);\"><strong style=\"font-family: 'PT Sans Narrow';\">Psicologa e Psicoterapeuta<\/strong><\/span><\/h4>\n<p>[\/et_pb_text][\/et_pb_column][et_pb_column type=&#8221;1_4&#8243; _builder_version=&#8221;3.0.89&#8243; parallax=&#8221;off&#8221; parallax_method=&#8221;on&#8221;][et_pb_text _builder_version=&#8221;3.0.89&#8243; inline_fonts=&#8221;PT Sans Narrow&#8221;]<\/p>\n<h4 style=\"text-align: center;\"><\/h4>\n<h4 style=\"text-align: center;\"><span style=\"font-family: 'PT Sans Narrow'; font-weight: normal;\"><strong>\u00a0 \u00a0 \u00a0 \u00a0 \u00a0\u00a0<\/strong><\/span><\/h4>\n<p>[\/et_pb_text][et_pb_text _builder_version=&#8221;3.0.89&#8243;][\/et_pb_text][et_pb_image _builder_version=&#8221;3.0.89&#8243;][\/et_pb_image][\/et_pb_column][\/et_pb_row][et_pb_row custom_padding=&#8221;17px|0px|17px|0px&#8221; _builder_version=&#8221;3.0.89&#8243; border_width_bottom=&#8221;1px&#8221; border_color_bottom=&#8221;rgba(51,51,51,0.18)&#8221;][et_pb_column type=&#8221;4_4&#8243; _builder_version=&#8221;3.0.89&#8243; parallax=&#8221;off&#8221; parallax_method=&#8221;on&#8221;][et_pb_team_member name=&#8221;GABRIELE BOMMARTINI&#8221; _builder_version=&#8221;3.0.89&#8243; header_level=&#8221;h2&#8243; header_font=&#8221;PT Sans Narrow|700||on|||||&#8221; header_font_size=&#8221;22px&#8221; header_text_color=&#8221;#1d7694&#8243; body_font=&#8221;||||||||&#8221; body_font_size=&#8221;13px&#8221; body_text_color=&#8221;rgba(63,63,63,0.75)&#8221; body_letter_spacing=&#8221;1px&#8221; body_line_height=&#8221;1.4em&#8221;]<\/p>\n<h1><span style=\"color: #000000;\"><strong>PSICOLOGO e PSICOTERAPEUTA<\/strong><\/span><\/h1>\n<h1 style=\"text-align: justify;\"><span style=\"font-family: inherit;\">Mi sono laureato in Psicologia Clinica dello Sviluppo e Neuropsicologia, all\u2019Universit\u00e0 degli Studi di Milano Bicocca.<\/span> <span style=\"font-family: inherit;\">Ho ottenuto il diploma di psicoterapeuta, ad indirizzo psicodinamico, presso il Minotauro di MIlano, scuola di Specializzazione in Psicoterapia Psicoanalitica dell\u2019Adolescente e del Giovane Adulto.<\/span> <span style=\"font-family: inherit;\">Ho esperienza di lavoro clinico in contesti scolastici, consultori pubblici e pratica privata, oltre ad una lunga esperienza in campo educativo in vari contesti (psichiatrico, minorile, sociale).<\/span> <span style=\"font-family: inherit;\">Attraverso il lavoro di clinico mi propongo di affrontare la sofferenza psichica, affettiva e relazionale con una tecnica di intervento psicoanaliticamente orientata, ossia alla continua ricerca di significati profondi che possano dotare di senso il dolore che sta attraversando un particolare momento della vita di una persona.<\/span> <span style=\"font-family: inherit;\">Durante le varie fasi del ciclo di vita possono esserci delle situazioni di stallo o di blocco, accompagnati da comportamenti angoscianti per la persona o per i suoi cari, che possono esprimersi attraverso segnali di chiusura, disinvestimento affettivo e disistima fino a manifestazioni di sofferenza pi\u00f9 complesse e significative.<\/span>\u00a0Il lavoro clinico che mi propongo di perseguire con chi \u00e8 in cerca di una risposta alla propria sofferenza emotiva e psichica \u00e8 orientato soprattutto non alla patologizzazione di questi comportamenti, ma piuttosto alla promozione del cambiamento, sia a livello individuale, sia all\u2019interno del contesto ambientale, attraverso la costruzione di significati e rappresentazioni mentali che permettano all\u2019individuo e ai suoi cari di affrontare le sfide evolutive di un particolare momento di vita, in una maniera pi\u00f9 coerente e funzionale. \u00c8 proprio attraverso la dotazione di significato di quanto sta avvenendo nella vita della persona, che il blocco emotivo apparentemente incomprensibile potr\u00e0 essere rappresentato e infine superato.<\/h1>\n<p>[\/et_pb_team_member][\/et_pb_column][\/et_pb_row][\/et_pb_section][et_pb_section fb_built=&#8221;1&#8243; _builder_version=&#8221;3.0.89&#8243; custom_padding=&#8221;0px|0px|0px|0px&#8221;][et_pb_row custom_padding=&#8221;36px|0px|19px|0px&#8221; _builder_version=&#8221;3.0.89&#8243;][et_pb_column type=&#8221;4_4&#8243; _builder_version=&#8221;3.0.89&#8243; parallax=&#8221;off&#8221; parallax_method=&#8221;on&#8221;][et_pb_team_member name=&#8221;GIOVANNA DI BENEDETTO&#8221; _builder_version=&#8221;3.0.89&#8243; header_level=&#8221;h2&#8243; header_font=&#8221;PT Sans Narrow|700||on|||||&#8221; header_font_size=&#8221;22px&#8221; header_text_color=&#8221;#1d7694&#8243; body_font=&#8221;||||||||&#8221; body_font_size=&#8221;13px&#8221; body_text_color=&#8221;rgba(63,63,63,0.75)&#8221; body_letter_spacing=&#8221;1px&#8221; body_line_height=&#8221;1.4em&#8221; border_style_all=&#8221;none&#8221;]<\/p>\n<h1><span style=\"color: #000000;\"><strong>PSICOLOGA e PSICOTERAPEUTA<\/strong><\/span><\/h1>\n<p class=\"mt20\">Ho lavorato circa quindici anni come consulente psicologo, presso i Consultori Familiari di Milano (ex C.P.B.A., presso l\u2019ASL citt\u00e0 di Milano), su diversi progetti in relazione a problematiche dell\u2019et\u00e0 evolutiva, ai conflitti di coppia, alle famiglie e alle situazioni del Tribunale per i Minorenni (sportello psicologico nelle scuole, affettivit\u00e0 e sessualit\u00e0 in adolescenza, sostegno alla genitorialit\u00e0, dipendenze da cibo e altro ancora).<br \/> Ho fondato, insieme a dei colleghi, l\u2019associazione Il Salto Onlus per occuparmi di prevenzione e benessere degli individui nelle diverse fasi evolutive e collaborato, nel tempo, con altre associazioni e cooperative con finalit\u00e0 analoghe.<\/p>\n<p class=\"mt20\">Ho lavorato presso una comunit\u00e0 psicoergoterapica per il recupero di ragazzi ex tossicodipendenti e mi sono occupata di dipendenze in senso pi\u00f9 generale.<\/p>\n<p class=\"mt20\">Ho svolto e svolgo tutt\u2019ora attivit\u00e0 privata di consulenza psicologica e psicoterapica con bambini, adolescenti, coppie e famiglie, nella citt\u00e0 di Milano, in provincia e in altre realt\u00e0 vicine.<br \/> Sono specializzata in psicoterapia della famiglia, presso la scuola di Psicoterapia Mara Selvini Palazzoli di Milano e sono iscritta presso l\u2019Ordine degli psicologi della Lombardia (OPL) con il numero 03\/4595.<br \/> Sono appassionata di letteratura, poesia e musica, fondamentali contributi alla mia crescita umana e professionale.<\/p>\n<p class=\"mt20\">\n<p>[\/et_pb_team_member][\/et_pb_column][\/et_pb_row][\/et_pb_section][et_pb_section fb_built=&#8221;1&#8243; _builder_version=&#8221;3.0.89&#8243; custom_padding=&#8221;10px|0px|4px|0px&#8221;][et_pb_row custom_padding=&#8221;0px|0px|3px|0px&#8221; _builder_version=&#8221;3.0.89&#8243;][et_pb_column type=&#8221;4_4&#8243; _builder_version=&#8221;3.0.89&#8243; parallax=&#8221;off&#8221; parallax_method=&#8221;on&#8221;][et_pb_image src=&#8221;http:\/\/mgcantu.it\/wp-content\/uploads\/2018\/12\/homepage-2.png&#8221; url=&#8221;http:\/\/mgcantu.it\/&#8221; align=&#8221;right&#8221; _builder_version=&#8221;3.0.89&#8243; max_width=&#8221;3%&#8221;][\/et_pb_image][\/et_pb_column][\/et_pb_row][\/et_pb_section][et_pb_section fb_built=&#8221;1&#8243; _builder_version=&#8221;3.0.89&#8243; custom_padding=&#8221;0px|0px|10px|0px&#8221;][et_pb_row custom_padding=&#8221;6px|0px|0px|0px&#8221; _builder_version=&#8221;3.0.89&#8243;][et_pb_column type=&#8221;4_4&#8243; _builder_version=&#8221;3.0.89&#8243; parallax=&#8221;off&#8221; parallax_method=&#8221;on&#8221;][et_pb_text _builder_version=&#8221;3.0.89&#8243; header_font=&#8221;||||||||&#8221; border_color_all=&#8221;rgba(216,216,216,0.54)&#8221; border_width_top=&#8221;1px&#8221; border_color_top=&#8221;rgba(181,181,181,0.6)&#8221;]<\/p>\n<p style=\"text-align: center;\"><a title=\"GINECOLOGIA\" href=\"http:\/\/mgcantu.it\/?page_id=629\"><img loading=\"lazy\" class=\"wp-image-563 alignnone size-thumbnail\" src=\"http:\/\/mgcantu.it\/wp-content\/uploads\/2017\/11\/ginecologia-160x160.png\" alt=\"\" width=\"100\" height=\"89\" \/><\/a>\u00a0 \u00a0 \u00a0 \u00a0 \u00a0<a href=\"http:\/\/mgcantu.it\/?page_id=1580\"><img loading=\"lazy\" class=\"wp-image-558 alignnone size-thumbnail\" src=\"http:\/\/mgcantu.it\/wp-content\/uploads\/2017\/11\/gravida-2-160x160.png\" alt=\"\" width=\"101\" height=\"101\" srcset=\"https:\/\/mgcantu.it\/wp-content\/uploads\/2017\/11\/gravida-2-160x160.png 160w, https:\/\/mgcantu.it\/wp-content\/uploads\/2017\/11\/gravida-2.png 500w\" sizes=\"(max-width: 101px) 100vw, 101px\" \/><\/a>\u00a0 \u00a0 \u00a0 \u00a0 \u00a0<img loading=\"lazy\" class=\"wp-image-624 alignnone size-thumbnail\" src=\"http:\/\/mgcantu.it\/wp-content\/uploads\/2017\/11\/PSICOLOG-1-160x160.png\" alt=\"\" width=\"101\" height=\"101\" \/>\u00a0 \u00a0 \u00a0\u00a0<img loading=\"lazy\" class=\"wp-image-592 alignnone size-thumbnail\" src=\"http:\/\/mgcantu.it\/wp-content\/uploads\/2017\/11\/MEDNAT-160x160.png\" alt=\"\" width=\"101\" height=\"101\" \/>\u00a0 \u00a0 \u00a0 \u00a0<a href=\"http:\/\/mgcantu.it\/?page_id=1792\" target=\"_blank\" rel=\"noopener noreferrer\"><img loading=\"lazy\" class=\"wp-image-591 alignnone size-thumbnail\" src=\"http:\/\/mgcantu.it\/wp-content\/uploads\/2017\/11\/CAROT-160x160.png\" alt=\"\" width=\"100\" height=\"100\" \/><\/a>\u00a0 \u00a0 \u00a0 \u00a0\u00a0<img loading=\"lazy\" class=\"wp-image-566 alignnone size-thumbnail\" src=\"http:\/\/mgcantu.it\/wp-content\/uploads\/2017\/11\/pnei-160x160.png\" alt=\"\" width=\"101\" height=\"101\" srcset=\"https:\/\/mgcantu.it\/wp-content\/uploads\/2017\/11\/pnei-160x160.png 160w, https:\/\/mgcantu.it\/wp-content\/uploads\/2017\/11\/pnei.png 509w\" sizes=\"(max-width: 101px) 100vw, 101px\" \/><\/p>\n<p>[\/et_pb_text][\/et_pb_column][\/et_pb_row][\/et_pb_section]<\/p>\n","protected":false},"excerpt":{"rendered":"<p>[et_pb_section fb_built=&#8221;1&#8243; _builder_version=&#8221;3.0.89&#8243; background_image=&#8221;http:\/\/mgcantu.it\/wp-content\/uploads\/2017\/11\/header2-6.png&#8221; background_size=&#8221;initial&#8221; background_position=&#8221;top_left&#8221; border_width_top=&#8221;4px&#8221; border_color_top=&#8221;#0dbde0&#8243; border_width_bottom=&#8221;1px&#8221; border_color_bottom=&#8221;#0dbde0&#8243; custom_padding=&#8221;135px|0px|110px|0px&#8221;][\/et_pb_section][et_pb_section fb_built=&#8221;1&#8243; _builder_version=&#8221;3.0.89&#8243; custom_padding=&#8221;41px|0px|22px|0px&#8221;][et_pb_row custom_padding=&#8221;4px|0px|114px|0px&#8221; _builder_version=&#8221;3.0.89&#8243; background_image=&#8221;http:\/\/mgcantu.it\/wp-content\/uploads\/2020\/05\/ACCANTO-A-ME-ALTRI-MEDICI.png&#8221;][et_pb_column type=&#8221;4_4&#8243; _builder_version=&#8221;3.0.89&#8243; parallax=&#8221;off&#8221; parallax_method=&#8221;on&#8221;][et_pb_text _builder_version=&#8221;3.0.89&#8243; text_font=&#8221;||||||||&#8221; text_letter_spacing=&#8221;1px&#8221; text_line_height=&#8221;1.9em&#8221;][\/et_pb_text][\/et_pb_column][\/et_pb_row][\/et_pb_section][et_pb_section fb_built=&#8221;1&#8243; _builder_version=&#8221;3.0.89&#8243; custom_padding=&#8221;5px|0px|0px|0px&#8221;][\/et_pb_section][et_pb_section fb_built=&#8221;1&#8243; _builder_version=&#8221;3.0.89&#8243; custom_padding=&#8221;5px|0px|0px|0px&#8221;][et_pb_row custom_padding=&#8221;4px|0px|0px|0px&#8221; _builder_version=&#8221;3.0.89&#8243;][et_pb_column type=&#8221;1_4&#8243; _builder_version=&#8221;3.0.89&#8243; parallax=&#8221;off&#8221; parallax_method=&#8221;on&#8221;][et_pb_text _builder_version=&#8221;3.0.89&#8243; text_font=&#8221;||||||||&#8221; text_letter_spacing=&#8221;1px&#8221; text_line_height=&#8221;1.9em&#8221; custom_margin=&#8221;-2|||&#8221; inline_fonts=&#8221;PT Sans Narrow&#8221;] [\/et_pb_text][\/et_pb_column][et_pb_column type=&#8221;1_4&#8243; _builder_version=&#8221;3.0.89&#8243; parallax=&#8221;off&#8221; parallax_method=&#8221;on&#8221;][\/et_pb_column][et_pb_column type=&#8221;1_4&#8243; _builder_version=&#8221;3.0.89&#8243; parallax=&#8221;off&#8221; parallax_method=&#8221;on&#8221;][\/et_pb_column][et_pb_column type=&#8221;1_4&#8243; [&hellip;]<\/p>\n","protected":false},"author":1,"featured_media":0,"parent":0,"menu_order":0,"comment_status":"closed","ping_status":"closed","template":"","meta":[],"_links":{"self":[{"href":"https:\/\/mgcantu.it\/index.php?rest_route=\/wp\/v2\/pages\/1087"}],"collection":[{"href":"https:\/\/mgcantu.it\/index.php?rest_route=\/wp\/v2\/pages"}],"about":[{"href":"https:\/\/mgcantu.it\/index.php?rest_route=\/wp\/v2\/types\/page"}],"author":[{"embeddable":true,"href":"https:\/\/mgcantu.it\/index.php?rest_route=\/wp\/v2\/users\/1"}],"replies":[{"embeddable":true,"href":"https:\/\/mgcantu.it\/index.php?rest_route=%2Fwp%2Fv2%2Fcomments&post=1087"}],"version-history":[{"count":67,"href":"https:\/\/mgcantu.it\/index.php?rest_route=\/wp\/v2\/pages\/1087\/revisions"}],"predecessor-version":[{"id":2397,"href":"https:\/\/mgcantu.it\/index.php?rest_route=\/wp\/v2\/pages\/1087\/revisions\/2397"}],"wp:attachment":[{"href":"https:\/\/mgcantu.it\/index.php?rest_route=%2Fwp%2Fv2%2Fmedia&parent=1087"}],"curies":[{"name":"wp","href":"https:\/\/api.w.org\/{rel}","templated":true}]}}