{"id":629,"date":"2017-12-04T21:52:18","date_gmt":"2017-12-04T20:52:18","guid":{"rendered":"http:\/\/mgcantu.it\/?page_id=629"},"modified":"2020-05-02T11:24:30","modified_gmt":"2020-05-02T09:24:30","slug":"ginecologia","status":"publish","type":"page","link":"https:\/\/mgcantu.it\/?page_id=629","title":{"rendered":"GINECOLOGIA"},"content":{"rendered":"<p>[et_pb_section fb_built=&#8221;1&#8243; _builder_version=&#8221;3.0.89&#8243; background_image=&#8221;http:\/\/mgcantu.it\/wp-content\/uploads\/2017\/11\/header2-6.png&#8221; background_size=&#8221;initial&#8221; background_position=&#8221;top_left&#8221; border_width_top=&#8221;4px&#8221; border_color_top=&#8221;#0dbde0&#8243; border_width_bottom=&#8221;1px&#8221; border_color_bottom=&#8221;#0dbde0&#8243; custom_padding=&#8221;135px|0px|101px|0px&#8221;][\/et_pb_section][et_pb_section fb_built=&#8221;1&#8243; _builder_version=&#8221;3.0.89&#8243; custom_padding=&#8221;0px|0px|0px|0px&#8221;][et_pb_row custom_padding=&#8221;0px|0px|16px|0px&#8221; _builder_version=&#8221;3.0.89&#8243;][et_pb_column type=&#8221;4_4&#8243; _builder_version=&#8221;3.0.89&#8243; parallax=&#8221;off&#8221; parallax_method=&#8221;on&#8221;][\/et_pb_column][\/et_pb_row][\/et_pb_section][et_pb_section fb_built=&#8221;1&#8243; _builder_version=&#8221;3.0.89&#8243; custom_padding=&#8221;10px|0px|0px|0px&#8221;][et_pb_row custom_padding=&#8221;50px|0px|0px|0px&#8221; _builder_version=&#8221;3.0.89&#8243;][et_pb_column type=&#8221;4_4&#8243; _builder_version=&#8221;3.0.47&#8243; parallax=&#8221;off&#8221; parallax_method=&#8221;on&#8221;][et_pb_text _builder_version=&#8221;3.0.89&#8243; inline_fonts=&#8221;PT Sans Narrow&#8221;]<\/p>\n<h1 style=\"text-align: right;\"><span style=\"color: rgba(51, 51, 51, 0.6); font-family: 'PT Sans Narrow'; font-weight: normal;\"><strong>GINECOLOGIA<\/strong><\/span><\/h1>\n<p>[\/et_pb_text][\/et_pb_column][\/et_pb_row][\/et_pb_section][et_pb_section fb_built=&#8221;1&#8243; admin_label=&#8221;section&#8221; _builder_version=&#8221;3.0.89&#8243; background_size=&#8221;initial&#8221; background_position=&#8221;top_left&#8221; custom_padding=&#8221;0px|0px|13px|0px&#8221;][et_pb_row use_custom_width=&#8221;on&#8221; custom_width_px=&#8221;1200px&#8221; custom_padding=&#8221;0px|0px|0px|0px&#8221; _builder_version=&#8221;3.0.89&#8243; module_alignment=&#8221;center&#8221;][et_pb_column type=&#8221;1_4&#8243; _builder_version=&#8221;3.0.89&#8243; parallax=&#8221;off&#8221; parallax_method=&#8221;on&#8221;][et_pb_text _builder_version=&#8221;3.0.89&#8243; inline_fonts=&#8221;PT Sans Narrow&#8221;]<\/p>\n<h3 style=\"text-align: left;\"><\/h3>\n<h3 style=\"text-align: left;\"><\/h3>\n<h3 style=\"text-align: left;\"><\/h3>\n<h3 style=\"text-align: left;\"><\/h3>\n<h3 style=\"text-align: left;\"><\/h3>\n<h3 style=\"text-align: left;\"><\/h3>\n<h3 style=\"text-align: left;\"><\/h3>\n<h3 style=\"text-align: left;\"><\/h3>\n<h3 style=\"text-align: left;\"><\/h3>\n<h3 style=\"text-align: left;\"><\/h3>\n<h3 style=\"text-align: left;\"><\/h3>\n<h3 style=\"text-align: left;\"><\/h3>\n<h3 style=\"text-align: left;\"><\/h3>\n<h3 style=\"text-align: left;\"><\/h3>\n<p>\u00a0<\/p>\n<p>\u00a0<\/p>\n<h3 style=\"text-align: left;\"><\/h3>\n<p>\u00a0<\/p>\n<h3 style=\"text-align: left;\"><span style=\"color: rgba(51, 51, 51, 0.45); font-family: 'PT Sans Narrow';\"><strong>Metodi di DIAGNOSI<\/strong><\/span><\/h3>\n<p>[\/et_pb_text][\/et_pb_column][et_pb_column type=&#8221;3_4&#8243; _builder_version=&#8221;3.0.89&#8243; parallax=&#8221;off&#8221; parallax_method=&#8221;on&#8221;][et_pb_image src=&#8221;http:\/\/mgcantu.it\/wp-content\/uploads\/2018\/12\/diagnosiginecologia-8.png&#8221; _builder_version=&#8221;3.0.89&#8243;][\/et_pb_image][\/et_pb_column][\/et_pb_row][et_pb_row custom_padding=&#8221;0px|0px|4px|0px&#8221; admin_label=&#8221;row&#8221; _builder_version=&#8221;3.0.89&#8243; background_size=&#8221;initial&#8221; background_position=&#8221;top_left&#8221; background_repeat=&#8221;repeat&#8221;][et_pb_column type=&#8221;1_4&#8243; _builder_version=&#8221;3.0.47&#8243; parallax=&#8221;off&#8221; parallax_method=&#8221;on&#8221;][\/et_pb_column][et_pb_column type=&#8221;3_4&#8243; _builder_version=&#8221;3.0.47&#8243; parallax=&#8221;off&#8221; parallax_method=&#8221;on&#8221;][et_pb_text _builder_version=&#8221;3.0.89&#8243; text_font=&#8221;||||||||&#8221; text_line_height=&#8221;1.8em&#8221;]<\/p>\n<h1><\/h1>\n<p style=\"text-align: justify;\"><strong style=\"font-size: 15px; text-align: justify;\">La visita ginecologica: <\/strong><span style=\"font-size: 15px; text-align: justify;\">r<\/span><span style=\"font-size: 15px; text-align: justify;\">appresenta lo strumento pi\u00f9 idoneo per verificare lo stato di salute di\u00a0vulva, vagina, utero ed ovaie\u00a0e per escludere patologie di carattere anatomico, oncologico, infettivo ed organico. La visita pu\u00f2 essere completata dall\u2019ecografia transvaginale o pelvica e anche da esami colpocitologici e di laboratorio quali pap test, test per il papilloma virus, tamponi vaginali completi. La conseguente scelta terapeutica, in caso di patologia accertata, potr\u00e0 essere tradizionale oppure naturale, o in molti casi, integrata, ossia fondata sui\u00a0principi di cura naturali e tradizionali insieme.<\/span><span style=\"font-size: 15px; text-align: left;\">\u00a0<\/span><\/p>\n<p style=\"text-align: justify;\"><strong>PAP TEST: <\/strong>consiste nel prelevare con una piccola spatola alcune cellule del collo dell&#8217;utero che verranno strisciate su un vetrino ed analizzate nel laboratorio di citologia; permette di fare una diagnosi precoce del tumore della cervice e pu\u00f2 anche\u00a0 identificare la presenza di infezioni cervicali.<\/p>\n<p style=\"text-align: justify;\"><strong>Colposcopia:\u00a0<\/strong>\u00e8 un esame semplice ed indolore che permette la visione ingrandita del collo dell&#8217;utero per mezzo di un microscopio. L&#8217;esame evidenzia le eventuali zone del collo dell&#8217;utero\u00a0sospette\u00a0sulle quali a volte \u00e8 necessario fare un piccolo prelievo [biopsia] che render\u00e0 possibile una diagnosi certa.<\/p>\n<p style=\"text-align: justify;\"><strong>Ecografia transvaginale e pelvica: <\/strong>consente di esplorare gli organi situati nella pelvi. Si avvale di ultrasuoni, onde sonore ad alta frequenza, nella fascia non udibile dall\u2019orecchio umano. Tali onde, prodotte dalla vibrazione di cristalli particolari contenuti nelle sonde utilizzate per gli esami ecografici, penetrano attraverso i tessuti del corpo, rispettivamente cute, sottocute, vasi e parete dell\u2019utero che registrate dalla sonda vengono inviate all\u2019unit\u00e0 centrale che le elabora trasformandole in immagini visibili in tempo reale sul monitor dell\u2019apparecchio ecografico. L\u2019utilizzo dell\u2019ecografia transvaginale o pelvica permette all\u2019operatore di diagnosticare patologie a carico della cervice, del viscere uterino e degli annessi (salpingi e ovaie), oltre a neoformazioni pelviche di pertinenza di organi extragenitali. Patologie di pi\u00f9 frequente riscontro in ambito ginecologico sono i fibromi uterini, cisti ovariche funzionali o patologiche, endometriosi pelvica e neoplasie utero-ovariche.<\/p>\n<p style=\"text-align: justify;\"><strong>Isterosonografia: <\/strong>serve ad identificare la presenza di patologie della cavit\u00e0 uterina, polipi, fibromi, malformazioni uterine e ispessimenti endometriali. Dopo aver posizionato lo speculum, verr\u00e0 inserito in utero un piccolo catetere sterile del diametro di 1,2 mm. [catetere di Goldstein N\u00b0 53-52]. Tramite questo catetere verr\u00e0 iniettata soluzione fisiologica sterile che permetter\u00e0 di distendere la cavit\u00e0 uterina. Successivamente verr\u00e0 eseguita una ecografia trans-vaginale. E\u2019 possibile valutare il passaggio di soluzione fisiologica attraverso le tube [sonosalpingografia] per identificare in modo indiretto la perviet\u00e0 tubarica.<\/p>\n<p>\u00a0<\/p>\n<p style=\"text-align: right;\"><span style=\"color: #009ece;\"><em>\u00a9 Dott.ssa MG Cant\u00f9<\/em><\/span><\/p>\n<p>[\/et_pb_text][\/et_pb_column][\/et_pb_row][et_pb_row custom_padding=&#8221;43px|0px|9px|0px&#8221; _builder_version=&#8221;3.0.89&#8243;][et_pb_column type=&#8221;2_3&#8243; _builder_version=&#8221;3.0.89&#8243; parallax=&#8221;off&#8221; parallax_method=&#8221;on&#8221;][et_pb_button button_text=&#8221;&gt; vai a CONSIGLI di TRATTAMENTO&#8221; _builder_version=&#8221;3.0.89&#8243; custom_button=&#8221;on&#8221; button_text_size=&#8221;16px&#8221; button_text_color=&#8221;#b5b5b5&#8243; button_border_width=&#8221;0px&#8221; button_font=&#8221;|700|||||||&#8221; button_icon=&#8221;%%190%%&#8221;][\/et_pb_button][\/et_pb_column][et_pb_column type=&#8221;1_3&#8243; _builder_version=&#8221;3.0.89&#8243; parallax=&#8221;off&#8221; parallax_method=&#8221;on&#8221;][\/et_pb_column][\/et_pb_row][\/et_pb_section][et_pb_section fb_built=&#8221;1&#8243; _builder_version=&#8221;3.0.89&#8243; custom_padding=&#8221;8px|0px|0px|0px&#8221;][et_pb_row custom_padding=&#8221;0px|0px|6px|0px&#8221; _builder_version=&#8221;3.0.89&#8243;][et_pb_column type=&#8221;4_4&#8243; _builder_version=&#8221;3.0.89&#8243; parallax=&#8221;off&#8221; parallax_method=&#8221;on&#8221;][et_pb_image src=&#8221;http:\/\/mgcantu.it\/wp-content\/uploads\/2018\/12\/homepage-2.png&#8221; url=&#8221;http:\/\/mgcantu.it\/&#8221; align=&#8221;right&#8221; _builder_version=&#8221;3.0.89&#8243; max_width=&#8221;3%&#8221;][\/et_pb_image][\/et_pb_column][\/et_pb_row][\/et_pb_section][et_pb_section fb_built=&#8221;1&#8243; _builder_version=&#8221;3.0.89&#8243; custom_padding=&#8221;0px|0px|10px|0px&#8221;][et_pb_row custom_padding=&#8221;9px|0px|0px|0px&#8221; _builder_version=&#8221;3.0.89&#8243;][et_pb_column type=&#8221;4_4&#8243; _builder_version=&#8221;3.0.89&#8243; parallax=&#8221;off&#8221; parallax_method=&#8221;on&#8221;][et_pb_text _builder_version=&#8221;3.0.89&#8243; header_font=&#8221;||||||||&#8221; border_color_all=&#8221;rgba(216,216,216,0.54)&#8221; border_width_top=&#8221;1px&#8221; border_color_top=&#8221;rgba(181,181,181,0.6)&#8221;]<\/p>\n<p style=\"text-align: center;\"><a href=\"http:\/\/mgcantu.it\/?page_id=629&#038;et_fb=1\"><img loading=\"lazy\" class=\"wp-image-563 alignnone size-thumbnail\" src=\"http:\/\/mgcantu.it\/wp-content\/uploads\/2017\/11\/ginecologia-160x160.png\" alt=\"\" width=\"100\" height=\"89\" \/><\/a>\u00a0 \u00a0 \u00a0 \u00a0 \u00a0<a title=\"GRAVIDANZA\" href=\"http:\/\/mgcantu.it\/?page_id=1580\"><img loading=\"lazy\" class=\"wp-image-558 alignnone size-thumbnail\" src=\"http:\/\/mgcantu.it\/wp-content\/uploads\/2017\/11\/gravida-2-160x160.png\" alt=\"\" width=\"101\" height=\"101\" srcset=\"https:\/\/mgcantu.it\/wp-content\/uploads\/2017\/11\/gravida-2-160x160.png 160w, https:\/\/mgcantu.it\/wp-content\/uploads\/2017\/11\/gravida-2.png 500w\" sizes=\"(max-width: 101px) 100vw, 101px\" \/><\/a>\u00a0 \u00a0 \u00a0 \u00a0 \u00a0<img loading=\"lazy\" class=\"wp-image-624 alignnone size-thumbnail\" src=\"http:\/\/mgcantu.it\/wp-content\/uploads\/2017\/11\/PSICOLOG-1-160x160.png\" alt=\"\" width=\"101\" height=\"101\" \/>\u00a0 \u00a0 \u00a0\u00a0<img loading=\"lazy\" class=\"wp-image-592 alignnone size-thumbnail\" src=\"http:\/\/mgcantu.it\/wp-content\/uploads\/2017\/11\/MEDNAT-160x160.png\" alt=\"\" width=\"101\" height=\"101\" \/>\u00a0 \u00a0 \u00a0 \u00a0<a href=\"http:\/\/mgcantu.it\/?page_id=1792\" target=\"_blank\" rel=\"noopener noreferrer\"><img loading=\"lazy\" class=\"wp-image-591 alignnone size-thumbnail\" src=\"http:\/\/mgcantu.it\/wp-content\/uploads\/2017\/11\/CAROT-160x160.png\" alt=\"\" width=\"100\" height=\"100\" \/><\/a>\u00a0 \u00a0 \u00a0 \u00a0\u00a0<img loading=\"lazy\" class=\"wp-image-566 alignnone size-thumbnail\" src=\"http:\/\/mgcantu.it\/wp-content\/uploads\/2017\/11\/pnei-160x160.png\" alt=\"\" width=\"101\" height=\"101\" srcset=\"https:\/\/mgcantu.it\/wp-content\/uploads\/2017\/11\/pnei-160x160.png 160w, https:\/\/mgcantu.it\/wp-content\/uploads\/2017\/11\/pnei.png 509w\" sizes=\"(max-width: 101px) 100vw, 101px\" \/><\/p>\n<p>[\/et_pb_text][\/et_pb_column][\/et_pb_row][\/et_pb_section]<\/p>\n","protected":false},"excerpt":{"rendered":"<p>[et_pb_section fb_built=&#8221;1&#8243; _builder_version=&#8221;3.0.89&#8243; background_image=&#8221;http:\/\/mgcantu.it\/wp-content\/uploads\/2017\/11\/header2-6.png&#8221; background_size=&#8221;initial&#8221; background_position=&#8221;top_left&#8221; border_width_top=&#8221;4px&#8221; border_color_top=&#8221;#0dbde0&#8243; border_width_bottom=&#8221;1px&#8221; border_color_bottom=&#8221;#0dbde0&#8243; custom_padding=&#8221;135px|0px|101px|0px&#8221;][\/et_pb_section][et_pb_section fb_built=&#8221;1&#8243; _builder_version=&#8221;3.0.89&#8243; custom_padding=&#8221;0px|0px|0px|0px&#8221;][et_pb_row custom_padding=&#8221;0px|0px|16px|0px&#8221; _builder_version=&#8221;3.0.89&#8243;][et_pb_column type=&#8221;4_4&#8243; _builder_version=&#8221;3.0.89&#8243; parallax=&#8221;off&#8221; parallax_method=&#8221;on&#8221;][\/et_pb_column][\/et_pb_row][\/et_pb_section][et_pb_section fb_built=&#8221;1&#8243; _builder_version=&#8221;3.0.89&#8243; custom_padding=&#8221;10px|0px|0px|0px&#8221;][et_pb_row custom_padding=&#8221;50px|0px|0px|0px&#8221; _builder_version=&#8221;3.0.89&#8243;][et_pb_column type=&#8221;4_4&#8243; _builder_version=&#8221;3.0.47&#8243; parallax=&#8221;off&#8221; parallax_method=&#8221;on&#8221;][et_pb_text _builder_version=&#8221;3.0.89&#8243; inline_fonts=&#8221;PT Sans Narrow&#8221;] GINECOLOGIA [\/et_pb_text][\/et_pb_column][\/et_pb_row][\/et_pb_section][et_pb_section fb_built=&#8221;1&#8243; admin_label=&#8221;section&#8221; _builder_version=&#8221;3.0.89&#8243; background_size=&#8221;initial&#8221; background_position=&#8221;top_left&#8221; custom_padding=&#8221;0px|0px|13px|0px&#8221;][et_pb_row use_custom_width=&#8221;on&#8221; custom_width_px=&#8221;1200px&#8221; custom_padding=&#8221;0px|0px|0px|0px&#8221; _builder_version=&#8221;3.0.89&#8243; module_alignment=&#8221;center&#8221;][et_pb_column type=&#8221;1_4&#8243; _builder_version=&#8221;3.0.89&#8243; parallax=&#8221;off&#8221; parallax_method=&#8221;on&#8221;][et_pb_text _builder_version=&#8221;3.0.89&#8243; inline_fonts=&#8221;PT Sans Narrow&#8221;] \u00a0 [&hellip;]<\/p>\n","protected":false},"author":1,"featured_media":0,"parent":0,"menu_order":0,"comment_status":"closed","ping_status":"closed","template":"","meta":[],"_links":{"self":[{"href":"https:\/\/mgcantu.it\/index.php?rest_route=\/wp\/v2\/pages\/629"}],"collection":[{"href":"https:\/\/mgcantu.it\/index.php?rest_route=\/wp\/v2\/pages"}],"about":[{"href":"https:\/\/mgcantu.it\/index.php?rest_route=\/wp\/v2\/types\/page"}],"author":[{"embeddable":true,"href":"https:\/\/mgcantu.it\/index.php?rest_route=\/wp\/v2\/users\/1"}],"replies":[{"embeddable":true,"href":"https:\/\/mgcantu.it\/index.php?rest_route=%2Fwp%2Fv2%2Fcomments&post=629"}],"version-history":[{"count":81,"href":"https:\/\/mgcantu.it\/index.php?rest_route=\/wp\/v2\/pages\/629\/revisions"}],"predecessor-version":[{"id":2189,"href":"https:\/\/mgcantu.it\/index.php?rest_route=\/wp\/v2\/pages\/629\/revisions\/2189"}],"wp:attachment":[{"href":"https:\/\/mgcantu.it\/index.php?rest_route=%2Fwp%2Fv2%2Fmedia&parent=629"}],"curies":[{"name":"wp","href":"https:\/\/api.w.org\/{rel}","templated":true}]}}